209)/(-68343)) is divided by 42.
14
What is the remainder when 201 is divided by -10 + (9 - -129 - 9)?
82
Suppose 5*f = 3*f + 12. Let u = -51 - f. Let g = -38 - u. Calculate the remainder when 73 is divided by g.
16
Suppose 8*p - 428 = -4*t + 6*p, -214 = -2*t + p. What is the remainder when 3421 is divided by t?
104
Let q be 1*-3*22/2. Suppose -2722 + 539 = -37*j. Let o = j + q. Calculate the remainder when o is divided by 16.
10
Calculate the remainder when (124/(-186))/(2/(-237)) is divided by 37.
5
Let j(a) = 160*a - 66. What is the remainder when j(19) is divided by 12?
10
Suppose -13*b + 2*b + 1072 = -193. What is the remainder when 232 is divided by b?
2
Let a = -10 - -27. Let h(n) be the second derivative of -n**5/20 - n**4/4 - 4*n**3/3 + 2*n**2 + 2*n + 18. What is the remainder when h(-3) is divided by a?
11
Let h = -10880 + 10942. Calculate the remainder when 8553 is divided by h.
59
Calculate the remainder when 506 is divided by (63 - 65)*64/(-2).
58
Let m = 10907 - 10726. What is the remainder when m is divided by 121?
60
Let s(p) = -p**3 + 11*p**2 - 8*p - 17. Let z be s(10). Let y be 32/(-24) - (-154)/z. Suppose y = 2*u - 48. Calculate the remainder when u is divided by 14.
7
Let n(d) = -d**2 - 3*d + 3. Let j be n(-9). Let r = j + 22. Let m = r - -67. What is the remainder when m is divided by 13?
12
Suppose 0 = 2*p - 0*p - 26. Suppose -2*z + 11 = 3. Suppose p = z*o - 35. What is the remainder when o is divided by 8?
4
Suppose -2*d = -3*p - 338, -1457 = 4*d + 3*p - 2133. Let r = 46 - 3. What is the remainder when d is divided by r?
40
What is the remainder when (-87 + 30)/((-18)/372) is divided by 23?
5
Let l(g) = g**3 + 11*g**2 + 4*g + 15. Let p be l(-9). Suppose -4*q + 14 = -5*b, 9 = 5*q - 3*b + b. What is the remainder when (32/6)/(94/p) is divided by q?
0
Let y(s) = -6*s + 28. Let c = -172 - -174. Let t = 14 - 5. What is the remainder when y(c) is divided by t?
7
Let q be (-6)/9 + (-299)/(-3). Let m(b) = 224*b - 3806. Let a be m(17). Suppose 0 = -a*n + 31 + q. Calculate the remainder when n is divided by 22.
21
Let p = 869 + -304. Suppose 0 = 4*o + o - p. Suppose 20 = -5*f, 5*f - 45 + 215 = 5*m. Calculate the remainder when o is divided by m.
23
Suppose -24*x + 7*x + 561 = 0. Suppose 0 = p + 4*a - 31, 5*a - 26 = -2*p + x. Calculate the remainder when p is divided by 11.
5
Let s(z) = 2*z**3 + 67*z**2 + 19*z + 527. What is the remainder when s(-33) is divided by 321?
26
Suppose -5*f + 70 = -370. Suppose -12*z - 98 = -14*z - 2*p, 4*z - p - 181 = 0. Calculate the remainder when f is divided by z.
42
Let j(p) = -p**2 - 14*p + 49. Let a = -128 + 114. What is the remainder when j(a) is divided by 17?
15
Let g(x) = 86*x - 517. Calculate the remainder when g(8) is divided by 42.
3
Suppose -17*b + 100 = 508. What is the remainder when 111/b + (-18)/48 + 548 is divided by 78?
75
Suppose -105*q - 1344 = -111*q. Let s = -195 + q. Let u = 17 + -2. What is the remainder when s is divided by u?
14
Suppose -149*c + 23317 = -7079. Calculate the remainder when c is divided by 87.
30
Suppose -7*y + 175 = -12*y. Let s = -115 - y. Let m = 189 + s. What is the remainder when m is divided by 22?
21
Suppose 5*q - 25 = 0, -3*r - 4*q - q + 352 = 0. Calculate the remainder when 1857 is divided by r.
4
Let n be 5/2*(-2356)/95. Let b = 73 + n. Suppose 3*z - 121 = b. What is the remainder when 128 is divided by z?
40
Let b(p) be the third derivative of -p**5/60 - p**4/6 + 4*p**3/3 + 79*p**2. Calculate the remainder when b(-4) is divided by 1*2/(-2)*-3.
2
Let w(j) = -2*j**2 + 6*j + 6. Let x be w(4). What is the remainder when (x - -956)*(-2)/(-6) is divided by 16?
14
Suppose 0 = 488*q - 481*q - 1638. Let h = -222 + q. Calculate the remainder when 29 is divided by h.
5
Let p(b) = b + 2. Let w be p(1). Let x be (-27)/12*(-21 - w). Suppose -4*v - 3*t + x + 2 = 0, -4*v + 5*t = -56. Calculate the remainder when 27 is divided by v.
13
Suppose -4*b + 3*v + 36 = 0, 3*b + v + 3 - 56 = 0. Calculate the remainder when 20873 is divided by b.
8
Let a(w) = -2*w**3 + 7*w**2 + 3*w - 13. Let g be a(3). Suppose g*n - 18*n + 182 = 0. Suppose 3*c = c + 54. What is the remainder when c is divided by n?
13
Suppose i - 5 = 96*q - 97*q, 5*i = 4*q - 65. What is the remainder when 93 is divided by q?
3
Let q be ((-253)/44)/((-2)/(-8)). Let v = -87 - q. Let o = 79 + v. What is the remainder when 37 is divided by o?
7
Let h = -835 - 272. What is the remainder when 69/115 - h/5 is divided by 45?
42
Let f(y) = y**3 - 7*y**2 + 8. Let l be (0 + 805/3)*(15 + 0). Calculate the remainder when f(8) is divided by (-4)/9 + l/207.
15
Let d = 3038 + -3030. What is the remainder when 556 is divided by d?
4
Let h(m) = 25*m - 162. Let j be h(15). Let r = j + -48. Calculate the remainder when r is divided by 13.
9
Suppose 37 = 17*w - 14. Suppose 2*y - w*k = 41, 9*y - 13*y + 97 = -k. Calculate the remainder when 139 is divided by y.
14
Suppose -7*s - 38 = -3*s + 2*a, 0 = -2*s + 3*a - 39. Let w(x) = x**2 + 10*x + 39. Calculate the remainder when 227 is divided by w(s).
38
Suppose 19*l - 102134 = -89822. Calculate the remainder when l is divided by 165.
153
Suppose -68*o + 1530 = -34*o. Let b = 0 + -2. Let w(x) = -x**3 + x + 2. Calculate the remainder when o is divided by w(b).
5
Let v be (0 + 0)/(-16 + 18). Suppose t - 265 - 175 = v. Suppose t = 4*l - 2*k, 269 + 279 = 5*l - 2*k. What is the remainder when l is divided by 22?
20
Suppose 4*t + 4*i - 172 = 0, -40*t + 39*t + 5*i = -85. What is the remainder when 12149 is divided by t?
49
Suppose 17*x + 42 - 314 = 0. Suppose -3*w = c - 7, -2*c = x*w - 19*w + 13. Calculate the remainder when w is divided by 2.
1
Let b(x) be the first derivative of 2*x**3/3 + 32*x**2 - 42*x - 48. Calculate the remainder when 118 is divided by b(-33).
22
Let s = -494 + 300. Let j = s + 326. What is the remainder when j is divided by 19?
18
Suppose 2*p = -4*h + 458, -38*h = 2*p - 36*h - 456. What is the remainder when p is divided by 19*(5 - (-4)/(-2))?
56
Let i(z) = 16*z**2 + 32*z + 77. Calculate the remainder when 748 is divided by i(-3).
123
Suppose a - 4*h - 9 = 0, -3*h + 340 = 5*a + 111. Let r = 119 - 32. What is the remainder when r is divided by a?
5
What is the remainder when 1252 is divided by ((-20)/(140/49))/(((-5)/(-54))/(-5))?
118
Let q(j) be the first derivative of 299*j**2/2 + 18*j + 4. Calculate the remainder when q(1) is divided by 16.
13
Let z be (5 + -3)*-2*(3 + -2). Suppose 0 = -x - 4, -22 = -2*r + 3*x + 14. What is the remainder when r is divided by 2 + ((-28)/z - 5)?
0
Suppose 0 = -5*n + 2*g + 28, -4*n - 2*g + 19 = -7. Let i(p) = p**3 - 28*p**2 + 5*p - 92. What is the remainder when i(28) is divided by n?
0
Suppose -3970*h - 399 = -3989*h. Suppose 0 = 8*x - 3*x - 730. Calculate the remainder when x is divided by h.
20
Let f = 6 - -71. Suppose u = f - 19. Suppose -3 - 37 = -2*w. Calculate the remainder when u is divided by w.
18
Let b(d) = 2*d**2 - 24*d - 70. Let z(j) = j**2 - 1. Let m(l) = b(l) - 3*z(l). What is the remainder when 1/4*2*122 is divided by m(-20)?
9
Let g = -119 - -159. Calculate the remainder when ((-15903)/(-372))/(6/g) is divided by 48.
45
Let t = 28466 - 28176. Calculate the remainder when t is divided by 33.
26
Suppose -339*p = -342*p - 5*r + 163, 0 = 2*p - 3*r - 115. Calculate the remainder when p is divided by 7.
0
What is the remainder when 11 is divided by ((-30)/(-4))/3*(-784)/(-980) - -1?
2
Let a(q) = q**3 + 8*q**2 - 6*q - 3. Suppose 4*t + 0*t + 3*b - 148 = 0, 0 = 12*t - 2*b - 488. Calculate the remainder when a(-6) is divided by t.
25
Let u(n) = 3*n**2 - 5*n + 9. Let g = -16 - -21. Suppose 4*b = -5*v - g, 3*b + 8 = v + 2*b. What is the remainder when 40 is divided by u(v)?
19
Suppose 4*k - 96 = -j, -j = j - 3*k - 236. Let o = 206976 + -206950. Calculate the remainder when j is divided by o.
8
Let k be (-71)/(-1) + (-7 - -6). Suppose 71*d - k*d - 15 = 0. Calculate the remainder when d is divided by 5.
0
Let a(y) = -y**3 + 7*y**2 + 6*y + 3. What is the remainder when a(7) is divided by (11 + -107)/4*(-9)/24?
0
Suppose -5*w = -50 + 5. Let k(x) = -x**2 - x + 16. Let h be k(w). Let q = 147 + h. What is the remainder when q is divided by 19?
16
Let d be (28 + 0)/(2/7). Let t = d + -99. Let k = t + 12. Calculate the remainder when k 